ed by 144.
143
Let g(i) = -215*i**2 + 263*i - 1. Let l(f) = 4*f**3 - f**2 - 2*f + 2. Calculate the remainder when g(1) is divided by l(2).
21
Suppose -z - 2*z + 27 = 0. Let t = 49257 + -49231. What is the remainder when t is divided by ((-8)/(-10))/(z/135)?
2
Let g = 256 - 242. Let i(a) = a**3 - 14*a**2 + 3*a - 36. Calculate the remainder when i(g) is divided by 3.
0
Let q(x) = -17*x - 8. Let h be q(-1). Suppose 0 = h*s - 8*s - 100. Calculate the remainder when s is divided by 21.
16
Let p be (3 + (-349)/2)/((-13)/26). Let t = 468 - p. What is the remainder when t is divided by 8?
5
Suppose 125 + 241 + 1062 = 357*d. What is the remainder when 2358 is divided by d?
2
Let r = -808 + 385. Let p = -48146 + 48171. What is the remainder when p is divided by (-2)/(-11) + r/(-33)?
12
Let r(m) = 2309*m - 9169. Calculate the remainder when 84 is divided by r(4).
17
Let o = -7006 + 7085. What is the remainder when 464 is divided by o?
69
Suppose -3*x + 2*r - 5*r + 3 = 0, 0 = x + 2*r - 6. What is the remainder when 6 is divided by (-9)/(-5)*(6 - 1) + x?
1
Suppose -2*o + 7*o - 177 = 2*y, -2*y - 2 = 0. Suppose -v + 30 = v + 2*x, -5*v + 2*x = -40. Calculate the remainder when o is divided by v.
5
Let n be (-2*(-5)/(-25))/(2/(-785)). Let c = n + -42. Calculate the remainder when c is divided by 29.
28
Suppose -2027 - 849 = -8*d + 2636. Let i(q) = 6*q - 7. Calculate the remainder when d is divided by i(5).
22
Suppose -5*j = 5*r - 22555, 475*j - 472*j = -5*r + 22571. What is the remainder when r is divided by 33?
31
Suppose 7*o + 5*o = -3*o + 2265. What is the remainder when 3617 is divided by o?
144
Suppose -64 = -3*h + 11. Suppose g - h = -3*n, 0 = 2*g + 6*n - 7*n - 71. Calculate the remainder when g is divided by (15/6)/(-5)*-14.
6
Let i(y) = 66*y - 13. Let l(n) = -6*n - 34. Let o be l(-6). Suppose m - 3*k + 6 = -6*k, -o*k - 6 = 0. What is the remainder when i(m) is divided by 47?
44
Suppose -130*b + 64589 + 108961 = 137*b. Calculate the remainder when b is divided by 57.
23
What is the remainder when (3/2)/((-19030)/(-193200) - 26/273) is divided by 11?
9
Suppose 44*t = -84*t + 27*t + 24543. Calculate the remainder when 494 is divided by t.
8
Let s = 2047 + -1500. Calculate the remainder when s is divided by 228.
91
Let a(s) = -s + 5. What is the remainder when ((-56)/(-288)*-10*3 - -7)/(1/6) is divided by a(3)?
1
Let n(v) = v**3 - 13*v**2 - 22*v - 3. Let m be n(16). Let u = 510 - m. What is the remainder when u is divided by 25?
22
Let y = -62 + 97. Let l = -995 - -1188. Suppose -259 = -6*s - l. Calculate the remainder when y is divided by s.
2
Let s be ((-4 - -7) + 0)*2 + -4. Let l = 7 - s. Suppose 0 = -2*h - 2*i - 7 + 105, -2*i = -l*h + 224. Calculate the remainder when h is divided by 16.
14
Let r be (2 + -3)*(-1 - (2 + 1)). Suppose 0 = r*x - 184 + 44. Calculate the remainder when 135 is divided by x.
30
Let f = 120 - 294. Calculate the remainder when 180/(-480) - 1401/24*-1 is divided by (-1)/(-4) + f/(-8).
14
Let i = 19895 - 19826. What is the remainder when 473 is divided by i?
59
Let t(m) = -m**3 + 26*m**2 + 86*m + 34. What is the remainder when (-160)/200 + (-698)/(-10) + 0 is divided by t(29)?
4
Let d = 8 + -5. Suppose -95 + 259 = -4*x. Let p = x + 44. What is the remainder when p is divided by d?
0
Suppose -30 = -10*y + 4*y. Calculate the remainder when 2/y + -6 + 2184/40 is divided by 19.
11
Let j be (-3)/12 + (-1)/(-4)*201. Suppose -j*n - 969 = -3519. Calculate the remainder when n is divided by 1.
0
Let k be ((-6)/9)/(16/(-1704)). Let q = 99 - k. Calculate the remainder when 110 is divided by q.
26
What is the remainder when (-18780)/(-626)*-17*(-2)/4 is divided by 137?
118
Let f be -8*(230/(-120) + 2/3). Suppose c - 5*c - 2*k = -236, 5*k - f = 0. What is the remainder when c is divided by 12?
10
Let x(d) = -4*d**2 - 113*d + 30. Let w be x(-29). What is the remainder when 23 is divided by (-4)/(-36)*-3*w?
4
Let b = -161 + 182. Calculate the remainder when (-246)/(-9)*(-18)/(-4) is divided by b.
18
Let m be 30/195 - (-882)/13. What is the remainder when 62 is divided by 100/60 + m/6?
10
Let b = 122 + 109. Suppose 626*o - 167*o - 13311 = 0. What is the remainder when b is divided by o?
28
Let o(d) = 62*d - 251. Let h be o(11). What is the remainder when 9 + h - (-6 + 8) is divided by 55?
53
Suppose -n + 212 = 13. Suppose -2*y - 10*v + 136 = -12*v, -n = -3*y - 2*v. Suppose -3*p = -30 - 21. What is the remainder when y is divided by p?
16
Suppose 0 = -c - 8*c. Suppose 249*g - 253*g + 268 = c. What is the remainder when g is divided by 26?
15
Suppose -15 = 2*u + 5*m, -4*u - 2*m - 5 = -3*u. Suppose 9*x - 6*x - 15 = 0, u*x + 26 = 3*j. Calculate the remainder when 46 is divided by j.
12
Suppose -26*x + 22*x + 171 = -v, -4*x = -2*v - 174. What is the remainder when 1047 is divided by x?
39
Suppose 12*o - 7*o - 232 = 2*d, 5*o + 4*d - 256 = 0. Suppose -3*h + o = 21. Calculate the remainder when 14/(-3)*(-5 - -2) is divided by h.
5
Let o = 5434 - 5273. Calculate the remainder when 1605 is divided by o.
156
Suppose 34*i - 30*i - 2*p = 402, 0 = i + p - 99. Calculate the remainder when 165 is divided by i.
65
Let t be (-65)/((-1)/(-9) - 15/(-108)). Let l = 281 + t. Calculate the remainder when 53 is divided by l.
11
Let o(v) = 0*v - 5 - 8*v**2 - v**3 - 3*v**2 + 3*v**2 - 4*v. Suppose -4*h = 265*r - 266*r - 17, -r + 5*h = 23. What is the remainder when o(-8) is divided by r?
6
Let g = 47 - -114. Let k = g - 94. What is the remainder when 132 is divided by k?
65
Suppose f - 3*o - 86 = 0, 2*o - 172 = -5*f + 3*f. Suppose 3*k + 17 - 35 = 0. Let p(l) = l**2 - 5*l + 16. What is the remainder when f is divided by p(k)?
20
Suppose 1039*q - 11427 = 1000*q. Calculate the remainder when q is divided by 29.
3
Let q = -112 - -144. Suppose 444 = 2*v - 3*s, 3*s = -3*v + 4*s + 666. Calculate the remainder when v is divided by q.
30
Let u(j) = 2*j**3 - 26*j**2 - 20*j + 90. Let o be u(14). Suppose 2*c - 598 = -3*p, -3*p = -4*p + 2*c + o. Calculate the remainder when p is divided by 37.
15
Let a(u) = -4*u**3 + 8*u**2 - 15*u - 36. Calculate the remainder when a(-7) is divided by 17.
14
Suppose 106*a = 101*a + 15420. Suppose -25*c + a + 441 = 0. What is the remainder when c is divided by 18?
15
Suppose -5*w = -4*m + 66, m + 3*w - 4 = 4. Let b = 344 - 341. Suppose -x + 413 = 4*x - 2*y, -b*x - 5*y = -254. What is the remainder when x is divided by m?
13
Let w = 45 + -441. Let a = -260 - w. Calculate the remainder when a is divided by 23.
21
Let q = 34 + 251. Let w = 1067 + -873. Suppose -h = -2*g + q - 88, -2*g + 2*h + w = 0. What is the remainder when g is divided by 17?
15
Let v(k) = -1093*k - 529. Calculate the remainder when v(-1) is divided by 23.
12
Let t = 138 - 134. Suppose 5*y + 3*d = 6*y - 237, -932 = -4*y + t*d. What is the remainder when y is divided by 29?
28
Let j = -4 - -55. Let q(b) = -413*b - 1629. Calculate the remainder when j is divided by q(-4).
5
Suppose -52422 = -3*f + 890*t - 887*t, 2*t = 5*f - 87373. Calculate the remainder when f is divided by 34.
33
Suppose -4*l + 8*l - 936 = -4*d, 3*d - 702 = 4*l. What is the remainder when d is divided by 20?
14
Suppose -8*c + 737 = 145. Calculate the remainder when 138 is divided by c.
64
Let m = -35 - -59. Suppose -181 = -2*g - 89. Suppose -g = -11*c + 9. Calculate the remainder when m is divided by c.
4
Suppose -4*a = -g + 32, g + 2*a = -3*a - 13. Let j(r) = -360*r + 5754. Calculate the remainder when j(15) is divided by g.
6
Let r(o) = -o**2 - 30*o - 39. Suppose 16*w - 220 + 12 = 0. What is the remainder when r(-5) is divided by w?
8
Suppose 48700 = 116*c + 159*c - 225*c. What is the remainder when c is divided by 63?
29
Let a = 52 + -54. Let x(b) be the third derivative of -b**4 + b**3 + 2*b**2. Calculate the remainder when x(a) is divided by 15.
9
Suppose 2*n + 0*v + 2*v = 94, 0 = -4*n - 3*v + 185. Let l = 43 - n. What is the remainder when -5 - l - (-27 - -5) is divided by 7?
4
Let y = 60 - 117. Let r = 59 + y. Suppose -3*x - 48 = -r*q, x + 0*x = 4*q - 96. Calculate the remainder when 71 is divided by q.
23
Suppose 5*m - 5*i - 40 = 30, -2*m = 2*i - 32. Suppose 0 = -2*x + 91 + 9. Suppose -4*k + 598 + x = 0. What is the remainder when k is divided by m?
12
Let c(q) = -q**2 + q. Let v(s) = -2*s**3 + 3*s**2 + 4*s